{"id":2647,"date":"2019-11-03T16:52:42","date_gmt":"2019-11-03T15:52:42","guid":{"rendered":"https:\/\/bigoudines.com\/web\/?post_type=product&#038;p=2647"},"modified":"2021-11-08T15:53:37","modified_gmt":"2021-11-08T14:53:37","slug":"audeline-copie","status":"publish","type":"product","link":"https:\/\/bigoudines.com\/web\/product\/audeline-copie\/","title":{"rendered":"Audeline <br><span style=\"font-family: Helvetica Neue, sans-serif, Bilbo\">Vendue<span>"},"content":{"rendered":"<ul>Poup\u00e9e du Pays Bigouden<\/p>\n<li>Coiffe bigoud\u00e8ne en dentelle blanche<\/li>\n<li>Tablier de coton fond orange imprim\u00e9 semis de fleurettes jaunes<\/li>\n<li>Dentelle festonn\u00e9e \u00e9crue recouvrant le tablier avec galon fleurettes \u00e9crues en bordure<\/li>\n<li>Manches en tissu assorti recouvert de dentelle \u00e9crue avec galon fleurettes \u00e9crues en bordure<\/li>\n<li>Corsage en velours noir avec col galon fleurettes \u00e9crues<\/li>\n<li>Petit c\u0153ur argent\u00e9<\/li>\n<li>Marmite en cuivre martel\u00e9 avec cuill\u00e8re en bois<\/li>\n<li>Hauteur = 43 cm environ (avec coiffe)<\/li>\n<\/ul>\n<ul>Recommandation: Cette poup\u00e9e n&rsquo;est pas un jouet pour enfant, mais un objet de d\u00e9coration.<\/ul>\n","protected":false},"excerpt":{"rendered":"<p>Poup\u00e9e du pays Bigouden <strong>Audeline<\/strong> avec sa marmite en cuivre martel\u00e9<\/p>\n","protected":false},"featured_media":935,"template":"","meta":{"spay_email":""},"product_cat":[50],"product_tag":[55,64],"_links":{"self":[{"href":"https:\/\/bigoudines.com\/web\/wp-json\/wp\/v2\/product\/2647"}],"collection":[{"href":"https:\/\/bigoudines.com\/web\/wp-json\/wp\/v2\/product"}],"about":[{"href":"https:\/\/bigoudines.com\/web\/wp-json\/wp\/v2\/types\/product"}],"wp:featuredmedia":[{"embeddable":true,"href":"https:\/\/bigoudines.com\/web\/wp-json\/wp\/v2\/media\/935"}],"wp:attachment":[{"href":"https:\/\/bigoudines.com\/web\/wp-json\/wp\/v2\/media?parent=2647"}],"wp:term":[{"taxonomy":"product_cat","embeddable":true,"href":"https:\/\/bigoudines.com\/web\/wp-json\/wp\/v2\/product_cat?post=2647"},{"taxonomy":"product_tag","embeddable":true,"href":"https:\/\/bigoudines.com\/web\/wp-json\/wp\/v2\/product_tag?post=2647"}],"curies":[{"name":"wp","href":"https:\/\/api.w.org\/{rel}","templated":true}]}}