{"id":2721,"date":"2016-09-14T19:49:00","date_gmt":"2016-09-14T18:49:00","guid":{"rendered":"https:\/\/bigoudines.com\/web\/?post_type=product&#038;p=2721"},"modified":"2021-11-08T15:58:26","modified_gmt":"2021-11-08T14:58:26","slug":"hermine-vendue","status":"publish","type":"product","link":"https:\/\/bigoudines.com\/web\/product\/hermine-vendue\/","title":{"rendered":"Hermine <br><span style=\"font-family: Helvetica Neue, sans-serif, Bilbo\">VENDUE<span>"},"content":{"rendered":"<ul>Poup\u00e9e du Pays Bigouden<\/p>\n<li>Coiffe bigoud\u00e8ne en dentelle blanche<\/li>\n<li>Tablier en satin gaufr\u00e9 \u00e9cru<\/li>\n<li>Dentelle \u00e9crue bordant le tablier avec ruban et n\u0153uds de satin \u00e0 perles dor\u00e9es<\/li>\n<li>Manches en velours noir avec tissu imprim\u00e9 de motifs bigoudens jaunes et dentelle \u00e9crue<\/li>\n<li>Corsage en tissu imprim\u00e9 de motifs bigoudens jaunes avec col en dentelle \u00e9crue<\/li>\n<li>Petit fleur de lys dor\u00e9e<\/li>\n<li>Fer \u00e0 repasser en laiton<\/li>\n<li>Hauteur = 43 cm environ (avec coiffe)<\/li>\n<\/ul>\n<ul>Recommandation: Cette poup\u00e9e n&rsquo;est pas un jouet pour enfant, mais un objet de d\u00e9coration.<\/ul>\n","protected":false},"excerpt":{"rendered":"<p>Poup\u00e9e du pays Bigouden <strong>Hermine<\/strong> avec son petit fer \u00e0 repasser<\/p>\n","protected":false},"featured_media":1355,"template":"","meta":{"spay_email":""},"product_cat":[50],"product_tag":[55,72,75],"_links":{"self":[{"href":"https:\/\/bigoudines.com\/web\/wp-json\/wp\/v2\/product\/2721"}],"collection":[{"href":"https:\/\/bigoudines.com\/web\/wp-json\/wp\/v2\/product"}],"about":[{"href":"https:\/\/bigoudines.com\/web\/wp-json\/wp\/v2\/types\/product"}],"wp:featuredmedia":[{"embeddable":true,"href":"https:\/\/bigoudines.com\/web\/wp-json\/wp\/v2\/media\/1355"}],"wp:attachment":[{"href":"https:\/\/bigoudines.com\/web\/wp-json\/wp\/v2\/media?parent=2721"}],"wp:term":[{"taxonomy":"product_cat","embeddable":true,"href":"https:\/\/bigoudines.com\/web\/wp-json\/wp\/v2\/product_cat?post=2721"},{"taxonomy":"product_tag","embeddable":true,"href":"https:\/\/bigoudines.com\/web\/wp-json\/wp\/v2\/product_tag?post=2721"}],"curies":[{"name":"wp","href":"https:\/\/api.w.org\/{rel}","templated":true}]}}