{"id":2731,"date":"2020-07-24T10:16:38","date_gmt":"2020-07-24T09:16:38","guid":{"rendered":"https:\/\/bigoudines.com\/web\/?post_type=product&#038;p=2731"},"modified":"2021-11-08T15:53:07","modified_gmt":"2021-11-08T14:53:07","slug":"victorine-vendue","status":"publish","type":"product","link":"https:\/\/bigoudines.com\/web\/product\/victorine-vendue\/","title":{"rendered":"Victorine <br><span style=\"font-family: Helvetica Neue, sans-serif, Bilbo\">VENDUE<span>"},"content":{"rendered":"<ul>Poup\u00e9e du Pays de Penthi\u00e8vre<\/p>\n<li>Coiffe de Penthi\u00e8vre en dentelle blanche<\/li>\n<li>Tablier de coton fond vert d&rsquo;eau imprim\u00e9 roses<\/li>\n<li>Dentelles rose et framboise bordant le tablier<\/li>\n<li>Manches en tissu coordonn\u00e9 avec dentelles rose et framboise<\/li>\n<li>Corsage en velours noir avec dentelle rose<\/li>\n<li>Petite croix argent\u00e9e avec n\u0153ud de satin rose<\/li>\n<li>Seau en m\u00e9tal \u00e9cru avec pinces \u00e0 linge<\/li>\n<li>Hauteur = 37 cm environ (avec coiffe)<\/li>\n<\/ul>\n<ul>Recommandation: Cette poup\u00e9e n&rsquo;est pas un jouet pour enfant, mais un objet de d\u00e9coration.<\/ul>\n","protected":false},"excerpt":{"rendered":"<p>Poup\u00e9e du pays de Penthi\u00e8vre <strong>Victorine<\/strong> avec son petit seau et son linge<\/p>\n","protected":false},"featured_media":1859,"template":"","meta":{"spay_email":""},"product_cat":[50],"product_tag":[74,60,54],"_links":{"self":[{"href":"https:\/\/bigoudines.com\/web\/wp-json\/wp\/v2\/product\/2731"}],"collection":[{"href":"https:\/\/bigoudines.com\/web\/wp-json\/wp\/v2\/product"}],"about":[{"href":"https:\/\/bigoudines.com\/web\/wp-json\/wp\/v2\/types\/product"}],"wp:featuredmedia":[{"embeddable":true,"href":"https:\/\/bigoudines.com\/web\/wp-json\/wp\/v2\/media\/1859"}],"wp:attachment":[{"href":"https:\/\/bigoudines.com\/web\/wp-json\/wp\/v2\/media?parent=2731"}],"wp:term":[{"taxonomy":"product_cat","embeddable":true,"href":"https:\/\/bigoudines.com\/web\/wp-json\/wp\/v2\/product_cat?post=2731"},{"taxonomy":"product_tag","embeddable":true,"href":"https:\/\/bigoudines.com\/web\/wp-json\/wp\/v2\/product_tag?post=2731"}],"curies":[{"name":"wp","href":"https:\/\/api.w.org\/{rel}","templated":true}]}}