{"id":2735,"date":"2019-07-16T10:26:20","date_gmt":"2019-07-16T09:26:20","guid":{"rendered":"https:\/\/bigoudines.com\/web\/?post_type=product&#038;p=2735"},"modified":"2021-11-08T15:57:44","modified_gmt":"2021-11-08T14:57:44","slug":"melodine-vendue","status":"publish","type":"product","link":"https:\/\/bigoudines.com\/web\/product\/melodine-vendue\/","title":{"rendered":"M\u00e9lodine <br><span style=\"font-family: Helvetica Neue, sans-serif, Bilbo\">VENDUE<span>"},"content":{"rendered":"<ul>Poup\u00e9e du Tr\u00e9gor<\/p>\n<li>Coiffe tr\u00e9gorroise \u00ab Touken \u00bb en dentelle blanche<\/li>\n<li>Tablier de coton fond bronze imprim\u00e9 fleurettes rose et grenat<\/li>\n<li>Dentelles \u00e9crue avec biais et petites roses en satin rose bordant le tablier<\/li>\n<li>Manches en coton assortie avec dentelles \u00e9crue et biais de satin rose<\/li>\n<li>Corsage en velours noir avec col en biais fantaisie \u00e9cru<\/li>\n<li>Petite fleur argent\u00e9e<\/li>\n<li>Cage en m\u00e9tal blanche avec oiseau<\/li>\n<li>Hauteur = 37 cm environ (avec coiffe)<\/li>\n<\/ul>\n<ul>Recommandation: Cette poup\u00e9e n&rsquo;est pas un jouet pour enfant, mais un objet de d\u00e9coration.<\/ul>\n","protected":false},"excerpt":{"rendered":"<p>Poup\u00e9e Tr\u00e9gorroise <strong>M\u00e9lodine<\/strong> avec sa cage \u00e0 oiseau<\/p>\n","protected":false},"featured_media":1827,"template":"","meta":{"spay_email":""},"product_cat":[50],"product_tag":[60,73],"_links":{"self":[{"href":"https:\/\/bigoudines.com\/web\/wp-json\/wp\/v2\/product\/2735"}],"collection":[{"href":"https:\/\/bigoudines.com\/web\/wp-json\/wp\/v2\/product"}],"about":[{"href":"https:\/\/bigoudines.com\/web\/wp-json\/wp\/v2\/types\/product"}],"wp:featuredmedia":[{"embeddable":true,"href":"https:\/\/bigoudines.com\/web\/wp-json\/wp\/v2\/media\/1827"}],"wp:attachment":[{"href":"https:\/\/bigoudines.com\/web\/wp-json\/wp\/v2\/media?parent=2735"}],"wp:term":[{"taxonomy":"product_cat","embeddable":true,"href":"https:\/\/bigoudines.com\/web\/wp-json\/wp\/v2\/product_cat?post=2735"},{"taxonomy":"product_tag","embeddable":true,"href":"https:\/\/bigoudines.com\/web\/wp-json\/wp\/v2\/product_tag?post=2735"}],"curies":[{"name":"wp","href":"https:\/\/api.w.org\/{rel}","templated":true}]}}