{"id":3044,"date":"2023-10-20T14:05:11","date_gmt":"2023-10-20T13:05:11","guid":{"rendered":"https:\/\/bigoudines.com\/web\/?post_type=product&#038;p=3044"},"modified":"2023-10-21T07:23:11","modified_gmt":"2023-10-21T06:23:11","slug":"couple-armorine-vendu","status":"publish","type":"product","link":"https:\/\/bigoudines.com\/web\/product\/couple-armorine-vendu\/","title":{"rendered":"Couple Armorine <br><span style=\"font-family: Helvetica Neue, sans-serif, Bilbo\">VENDU<span>"},"content":{"rendered":"<ul>Poup\u00e9es du Pays Bigouden<\/ul>\n<p><em>Couple r\u00e9alis\u00e9 pour un mariage, tenant deux c\u0153urs pos\u00e9s sur un petit coussin en lin naturel avec motif c\u0153ur en guipure blanche<\/em><strong><br \/>\n<\/strong><\/p>\n<p><strong><em>La mari\u00e9e:<\/em> <\/strong><\/p>\n<ul>\n<li>Coiffe bigoud\u00e8ne en dentelle blanche<\/li>\n<li>Tablier en broderie anglaise festonn\u00e9e blanche avec petits c\u0153urs argent\u00e9s et perles<\/li>\n<li>Jupon en fine dentelle de Calais blanc<\/li>\n<li>Manches en velours noir avec tissu imprim\u00e9 de motifs bigoudens, bord\u00e9es de dentelle blanche<\/li>\n<li>Corsage en tissu imprim\u00e9 de motifs bigoudens avec col en guipure blanche<\/li>\n<li>Petite croix argent\u00e9e<\/li>\n<li>Hauteur = 45 cm environ (avec coiffe)<\/li>\n<li>Bouquet de mari\u00e9e garni de tulle<\/li>\n<\/ul>\n<p><strong><em>Le mari\u00e9:<\/em><\/strong><\/p>\n<ul>\n<li>Chapeau de feutre noir avec ruban et boucle m\u00e9tal argent\u00e9e<\/li>\n<li>Pantalon de toile noire<\/li>\n<li>Veste de velours noir bord\u00e9e ruban, 6 boutons argent\u00e9s avec perles et petite rose blanche \u00e0 la boutonni\u00e8re<\/li>\n<li>Manches en velours noir bord\u00e9es ruban<\/li>\n<li>Plastron en tissu imprim\u00e9 de motifs bigoudens<\/li>\n<li>Chaussures noires vernies (bois)<\/li>\n<li>Hauteur = 42 cm environ (avec chapeau)<\/li>\n<\/ul>\n<ul>Recommandation: Cette cr\u00e9ation n&rsquo;est pas un jouet pour enfant, mais un objet de d\u00e9coration.<\/ul>\n","protected":false},"excerpt":{"rendered":"<p>Couple de mari\u00e9s du pays Bigouden <strong>Armorine<\/strong> avec coussin 2 c\u0153urs<\/p>\n","protected":false},"featured_media":3045,"template":"","meta":{"spay_email":""},"product_cat":[50],"product_tag":[62,55,68,75,63],"_links":{"self":[{"href":"https:\/\/bigoudines.com\/web\/wp-json\/wp\/v2\/product\/3044"}],"collection":[{"href":"https:\/\/bigoudines.com\/web\/wp-json\/wp\/v2\/product"}],"about":[{"href":"https:\/\/bigoudines.com\/web\/wp-json\/wp\/v2\/types\/product"}],"wp:featuredmedia":[{"embeddable":true,"href":"https:\/\/bigoudines.com\/web\/wp-json\/wp\/v2\/media\/3045"}],"wp:attachment":[{"href":"https:\/\/bigoudines.com\/web\/wp-json\/wp\/v2\/media?parent=3044"}],"wp:term":[{"taxonomy":"product_cat","embeddable":true,"href":"https:\/\/bigoudines.com\/web\/wp-json\/wp\/v2\/product_cat?post=3044"},{"taxonomy":"product_tag","embeddable":true,"href":"https:\/\/bigoudines.com\/web\/wp-json\/wp\/v2\/product_tag?post=3044"}],"curies":[{"name":"wp","href":"https:\/\/api.w.org\/{rel}","templated":true}]}}